(4) a prime number?
False
Let h(m) = -17*m - 21. Let a be h(-6). Suppose -295 = 82*z - a*z. Is ((-12)/20)/(1/z) prime?
False
Let q = 16 + -11. Let k(b) = -4*b - 3 - 13*b**2 + 53*b**2 - 16*b**2 - 20*b**2. Is k(q) a prime number?
False
Let v = -42893 - -28831. Let h = -4224 - v. Is h composite?
True
Let m(y) = 3*y**3 + 4*y + 12. Suppose 5*q = -18 - 7. Let a(v) = 6*v + 37. Let s be a(q). Is m(s) prime?
True
Suppose -h - 2*l = -45041 + 364, l - 223385 = -5*h. Is h a prime number?
False
Let s = -32642 - -67791. Is s a composite number?
False
Is 11008320/60 - 4*11/4 prime?
True
Let z(f) = f - 13. Let v be z(-3). Let x be -3*(v/(-10) - (-10)/25). Let d(u) = 44*u**2 + 5*u + 9. Is d(x) composite?
True
Suppose n = r + 37 + 86, 0 = -4*r + 5*n - 489. Let c be (3 - (-7)/(-3))/((-7)/r). Is (-3747)/2*c/(-18) a prime number?
True
Suppose -2*b + 3 = -3. Let x = 89 + -96. Is 9058/b - x/(-21) a prime number?
True
Let z(r) = 1099*r - 105. Let n(h) = -550*h + 55. Let w(o) = 7*n(o) + 4*z(o). Is w(7) prime?
False
Let o = -293415 - -686212. Is o a prime number?
False
Let y be (-105)/(-90)*18/(-3)*-1. Suppose 0 = -y*x - 19777 + 160190. Is x a prime number?
False
Suppose 5*f - 7214 = 4*z, 3*z - 2879 = -2*f - 2*z. Suppose 3*h + 2*g = -h + f, 0 = -h - 3*g + 368. Is h a prime number?
True
Let h = 251 + -255. Is 4 + (0 - (-1 + h) - -3740) prime?
False
Let p(f) = f**3 + 36*f**2 - 23*f - 241. Is p(-32) a composite number?
False
Suppose 17*h - 23*h = -244254. Is h prime?
True
Suppose 0 = -v + 4*d - 6*d + 5032, -d + 15121 = 3*v. Suppose 507 + 487 = o + 5*z, -5*o - z + v = 0. Is o composite?
False
Let k = 159635 - -117800. Is k prime?
False
Suppose 4*n + 159 = -4*w + 39, 5*n = 0. Let r be 3/(-2)*(-20)/w. Is -4 + r/(1/(-183)) a composite number?
False
Let o = -633 + 320. Let r be (-4)/10*(o - 17). Suppose -r = -5*x + 1123. Is x a composite number?
False
Let r(w) = 255*w + 13. Let z be (-3)/(-6)*(-7 - 7). Let n(q) = -128*q - 6. Let p(v) = z*n(v) - 3*r(v). Is p(2) a composite number?
True
Let i(h) = -14*h - 26. Let k be i(-2). Suppose -w = k*n + 3*w - 1906, 2*w = n - 941. Is n a prime number?
True
Let h be 17/(-34)*-3 - (-11)/2. Is 39387 + (-25 + h)/9 a composite number?
True
Suppose -f + 57 = 3*v + 2*v, -15 = 5*v. Let x be (-10)/(30/(-12) + -4 + 6). Is -2*1/2 + (f - x) prime?
False
Suppose 4*j + 458 = 3*z - 81220, 81678 = 3*z + 2*j. Is z composite?
True
Is (12 - -53939) + (4 - (2 + 0))*1 prime?
False
Let q(o) = 284*o - 13. Let j be 0 + (117/27 - 5/(-3)). Is q(j) a prime number?
False
Suppose -5*g + 17574 = -2*q, -5*g + 12069 + 5499 = q. Suppose 2*h = -5*z + 1764, -2*h = -6*h - 3*z + g. Is h a composite number?
False
Is (114743/(-5))/((5 - -3)/(-40)) a composite number?
False
Suppose 0 = -16*i - 676993 + 4707853 + 937028. Is i composite?
True
Let k(j) = -j**3 + 4*j**2 + 2*j - 8. Suppose -5*w = 2*z - 10, -6*z + z = -w + 29. Let n be k(w). Suppose n = 4*c - 0*c - 148. Is c a composite number?
False
Let m = 129726 + -25213. Is m a composite number?
False
Let g(c) = 19*c**2 + 4*c + 29. Let b = 200 + -192. Is g(b) a composite number?
False
Suppose -33*o + 1704 - 516 = 0. Suppose -o*x + 19*x = -53771. Is x prime?
True
Suppose -k - 2*i = -229677, 29*k = 27*k + 2*i + 459366. Is k a prime number?
True
Let t(q) = -23*q**2 - 6*q + 3. Let y be t(5). Let c = 281 + y. Let i = c - -862. Is i composite?
False
Suppose -3*i + 6 = -2*i - 3*f, -3*i + 2*f = -11. Suppose i*s + 1 = 4*j - 3, 0 = 5*s - 5*j. Is (-6)/(s - (-894)/(-223)) prime?
False
Suppose 9*v - 117321 - 33618 = 0. Is (v/(-124))/(1/(-28)) composite?
True
Suppose c = -6*j + 5*j + 2, -c - 2*j = -4. Suppose c*t + 5*t = 15. Suppose 121 = 2*u - l, 4*u - t*l + 109 = 6*u. Is u composite?
False
Suppose 0 = 4*c - 13*c. Suppose -d = -2*g - 11, -21 = 4*g - d - c. Is 4 + g + 1637 + -3 a prime number?
False
Suppose 12*s = -1719 - 849. Let c = s + 4017. Is c a prime number?
True
Let h = -1049 + 496. Let i = h + 821. Suppose 4*s + 764 + 260 = 4*t, 3*s - i = -t. Is t a prime number?
False
Suppose 418 = s - 97. Suppose -520*d + s*d + 18935 = 0. Is d prime?
False
Let b(a) = -178*a - 210. Let g be b(-14). Let p = g - 645. Is p a prime number?
True
Let g(f) = -260*f + 16. Let c be g(3). Let h be 4 - ((-1 - c) + 0). Is h/(-6) + (-4)/(-8) prime?
True
Let t be (-660)/(-130) - (-2)/(-26). Is (2 + (-20)/8)/(t/(-39890)) composite?
False
Let n be (3 - 44/12)*(6 - 543). Let w = n - 137. Is w prime?
False
Suppose -4*x - 7*t = -2*t - 512012, 5*x - 640015 = -5*t. Is x prime?
False
Let z = 21303 + 6806. Is z a composite number?
False
Let o = 124 - -86. Let y be 2408 + (o/(-55) - (-4)/(-22)). Let w = y + -1022. Is w prime?
False
Let d(u) = 67427*u**2 + u - 5. Is d(-1) composite?
False
Let j = 2 + 3. Suppose 3*y - 5*p = 4295, -2*p = j*y - 5*p - 7137. Suppose -974 = -g - g + 4*f, 3*g + 3*f = y. Is g prime?
True
Let a be (28/5)/((-9)/((-675)/6)). Let m be (7 - a)/((-2)/((-100)/(-3))). Suppose m = 5*q - 1295. Is q composite?
True
Suppose 253469 = 10*s - 41081. Suppose 0 = -2*g - 2*n + n + s, 0 = g - n - 14726. Is g prime?
False
Suppose -4*j + 71 = 95. Is 4/j*9/30*-88535 a composite number?
False
Let b(t) = 3*t - 434*t**3 + 17 - 2*t**2 - 33 + 18 + 3*t**2. Let u be b(-1). Suppose u = 5*o - 456. Is o composite?
True
Let i be (-11 - 184)*3*(5 - 0). Let o = i + 7318. Is o a prime number?
False
Suppose -10*y - 5*v - 708553 = -13*y, -y + 2*v + 236183 = 0. Is y a composite number?
True
Suppose -7*s + 12 = -10*s, 0 = 3*t + 2*s + 20. Let y(l) be the second derivative of -140*l**3/3 - 21*l**2/2 - 3*l. Is y(t) prime?
False
Let t(s) = 1396*s**2 + 3*s - 2. Suppose a - 20 = -5*n + 15, n - 45 = -4*a. Suppose -a = 5*i - 15*i. Is t(i) a prime number?
False
Let w(l) = 115*l**2 - 399*l + 91. Is w(34) a composite number?
True
Suppose -23*k - 3 = -325. Suppose 9*z - k*z = -1535. Is z composite?
False
Is (-188)/(-1974) + 3784238/42 composite?
True
Let d = -193239 + 357560. Is d a composite number?
False
Suppose 4*w = 2*p + 167070, -4*w + 3*p + 64969 = -102102. Is w a prime number?
False
Suppose -w + 89103 = 5194. Is w composite?
True
Let y(m) = 15*m**2 - 6*m - 241. Is y(-26) a prime number?
False
Is 0 - 8/(-60) - 3786563/(-165) prime?
False
Let u(a) = 3*a**2 + 10*a - 2. Let m(g) = 5*g**2 + 10*g - 1. Let t be m(-3). Suppose 6*n = t*n + 88. Is u(n) prime?
True
Let l be (-13)/(-13) - -1*1. Let y be 6551 - (5/(-1) - (-6)/l). Suppose -y = -7*u - 1170. Is u prime?
True
Let w(u) = 192*u + 13. Let h(y) = y**3 - 23*y**2 + 42*y - 6. Let o be h(21). Let s be (1 - (-8)/o) + 220/66. Is w(s) a composite number?
True
Let k(q) = -56*q + 28*q**2 - 5 - 23*q**2 + 65*q. Let s be (0 + 28/(-16))*4. Is k(s) composite?
True
Let q = -839439 - -229940. Is 3 - 2/(-2) - q/67 a composite number?
True
Suppose y - 1671046 = -25*y. Is y a prime number?
True
Let c(v) = -6845*v + 6863*v + 24 + 14*v**2 - 93. Is c(18) a prime number?
False
Suppose 1 = 4*n - 5*l - 11, n = 5*l + 3. Let j(v) = 4*v - 10. Let h be j(n). Suppose -3*i - h*i + 6095 = 0. Is i a prime number?
False
Suppose 3*k + 0*k + 96675 = 3*j, j = -k + 32215. Let s = -8149 + j. Is s a composite number?
False
Let a(q) = q**2 - 26*q + 78. Let m be a(23). Suppose -d - 47352 = -m*d. Is d prime?
False
Suppose 28*j + 9*j + 367854 = 0. Is ((-160)/(-24) - 8)*j/8 prime?
True
Let t = 1763 + -838. Suppose w - t = 2373. Let m = -1589 + w. Is m composite?
False
Let u(s) be the second derivative of -14*s + 0*s**2 + 0 - 223/6*s**3. Is u(-1) a prime number?
True
Let q(s) = 2469*s + 5117. Is q(18) a composite number?
False
Suppose -239*m + 1513978 = 3*d - 238*m, d = 3*m + 504676. Is d composite?
False
Let s = 128 + -51. Let y = s + -73. Suppose 0 = y*m + x - 621 - 45, 4*m + 2*x = 668. Is m prime?
False
Let i(l) be the second derivative of 106*l**3/3 - 11*l**2/2 - 660*l. Let u be 170/8 + 2/(-8). Is i(u) composite?
False
Let d be ((-142)/(-213))/((-1)/3). Let u(q) = -3*q**2 - 7*q - 97*q**3 - 235*q**3 + 1 + 3*q. Is u(d) a composite number?
True
Let n(z) = -50 - 17*z + 117*z**2 - 38 + 77. Is n(-5) prime?
True
Suppose 8*y - 5*y + 121550 = s, y = -s + 121562. Is s a prime number?
True
Let x(b) = -b**3 + 8*b**2 + 52*b - 1. Let d be x(12). Suppose d*h - 227449 + 42410 = 0. Is h composite?
True
Is (-5)/(6 - (-3 - -8)) + (-74348)/(-1) a prime number?
False
Let k(p) = 45*p**2 + 6*p - 12. Let q b